rs of 1166817605?
5, 2003, 116507
What are the prime factors of 394476863?
11, 331, 108343
List the prime factors of 2214037877.
2214037877
List the prime factors of 1986589767.
3, 59, 431, 26041
List the prime factors of 15275451.
3, 5091817
List the prime factors of 563350031.
6599, 85369
What are the prime factors of 103292327?
103292327
What are the prime factors of 662145443?
662145443
List the prime factors of 5042510821.
271, 18607051
What are the prime factors of 71567686?
2, 521, 68683
What are the prime factors of 7496220338?
2, 59, 61, 107, 9733
List the prime factors of 689175042.
2, 3, 73, 229, 6871
List the prime factors of 229247516.
2, 17, 61, 3251
What are the prime factors of 4812550596?
2, 3, 7, 151, 126473
What are the prime factors of 938510019?
3, 104278891
List the prime factors of 7604369391.
3, 823, 3079939
What are the prime factors of 3642268294?
2, 7, 607, 8747
List the prime factors of 604477855.
5, 599, 201829
What are the prime factors of 908284710?
2, 3, 5, 1051, 28807
List the prime factors of 806652552.
2, 3, 2129, 15787
What are the prime factors of 6414168?
2, 3, 17, 79, 199
What are the prime factors of 3808142573?
383, 9942931
List the prime factors of 248206137.
3, 17, 89, 149, 367
List the prime factors of 2256900066.
2, 3, 19, 6599123
What are the prime factors of 46842256?
2, 593, 4937
What are the prime factors of 70519060?
2, 5, 17, 207409
What are the prime factors of 96940818?
2, 3, 13, 414277
List the prime factors of 28840741.
3361, 8581
List the prime factors of 253539264.
2, 3, 11, 120047
What are the prime factors of 28620205?
5, 1093, 5237
List the prime factors of 807064128.
2, 3, 13, 37, 971
What are the prime factors of 59490188?
2, 1153, 12899
List the prime factors of 122264958.
2, 3, 53, 384481
List the prime factors of 986775.
3, 5, 59, 223
List the prime factors of 3384080365.
5, 17977, 37649
List the prime factors of 3581729.
47, 76207
List the prime factors of 138033348.
2, 3, 11502779
What are the prime factors of 1500824263?
1500824263
List the prime factors of 747479299.
7, 53, 61, 33029
List the prime factors of 7217948542.
2, 7, 515567753
What are the prime factors of 133968096?
2, 3, 465167
List the prime factors of 757887408.
2, 3, 47, 163, 229
List the prime factors of 303045201.
3, 83, 405683
What are the prime factors of 340154091?
3, 37794899
What are the prime factors of 156501324?
2, 3, 7, 71, 8747
List the prime factors of 20736850.
2, 5, 414737
What are the prime factors of 2670234243?
3, 23, 71, 545057
List the prime factors of 47984373.
3, 31, 57329
What are the prime factors of 2610331921?
19379, 134699
List the prime factors of 72680511.
3, 24226837
List the prime factors of 70538815.
5, 23, 613381
What are the prime factors of 74819814?
2, 3, 12469969
What are the prime factors of 46786482?
2, 3, 17, 152897
What are the prime factors of 2253714568?
2, 7, 41, 59, 127, 131
List the prime factors of 741734401.
47, 15781583
What are the prime factors of 61038519?
3, 709, 28697
What are the prime factors of 140889849?
3, 101, 464983
What are the prime factors of 181422400?
2, 5, 149, 761
What are the prime factors of 98984102?
2, 7, 37, 191089
What are the prime factors of 763111?
763111
What are the prime factors of 7618129424?
2, 101, 4714189
List the prime factors of 1732286857.
7, 103, 49033
List the prime factors of 470770870.
2, 5, 47077087
What are the prime factors of 74621498?
2, 7, 5330107
What are the prime factors of 3781484952?
2, 3, 7, 37, 608347
What are the prime factors of 11781368?
2, 19, 77509
What are the prime factors of 962953134?
2, 3, 11, 13, 17, 107, 617
What are the prime factors of 120315690?
2, 3, 5, 11, 121531
List the prime factors of 5223432.
2, 3, 217643
What are the prime factors of 377264981?
5843, 64567
What are the prime factors of 3153629091?
3, 1051209697
List the prime factors of 1688032791.
3, 6946637
List the prime factors of 157335271.
463, 339817
What are the prime factors of 107963050?
2, 5, 13, 163, 1019
List the prime factors of 1507332357.
3, 4157, 40289
List the prime factors of 2477500.
2, 5, 991
List the prime factors of 208345110.
2, 3, 5, 31, 224027
List the prime factors of 321609015.
3, 5, 7, 13, 47, 557
List the prime factors of 47648263.
13, 17, 149, 1447
List the prime factors of 1627470.
2, 3, 5, 13, 107
What are the prime factors of 5656389?
3, 59, 31957
What are the prime factors of 412937161?
7, 13, 157, 4129
List the prime factors of 402386435.
5, 11, 307, 23831
List the prime factors of 523314382.
2, 261657191
What are the prime factors of 357822621?
3, 13, 41, 97, 769
List the prime factors of 40821404.
2, 13, 41, 467
What are the prime factors of 36276177?
3, 7, 1727437
What are the prime factors of 148956086?
2, 19, 3919897
List the prime factors of 54163216.
2, 3385201
What are the prime factors of 141074461?
11, 12824951
What are the prime factors of 41649211?
2053, 20287
List the prime factors of 17748727.
17748727
What are the prime factors of 703193481?
3, 8681401
List the prime factors of 128069664.
2, 3, 83, 16073
List the prime factors of 1173437208.
2, 3, 29, 19379
List the prime factors of 375037778.
2, 187518889
What are the prime factors of 5891854?
2, 733, 4019
List the prime factors of 1992568934.
2, 233, 547, 7817
List the prime factors of 539845985.
5, 7, 314779
List the prime factors of 8253754.
2, 1637, 2521
What are the prime factors of 1215541887?
3, 7, 57882947
List the prime factors of 6715860.
2, 3, 5, 173, 647
What are the prime factors of 3109207339?
7, 63453211
List the prime factors of 1590747.
3, 530249
List the prime factors of 3410614468.
2, 852653617
What are the prime factors of 5095217115?
3, 5, 12580783
What are the prime factors of 11857449?
3, 17, 232499
List the prime factors of 82933438.
2, 7, 617, 9601
List the prime factors of 1786670687.
1786670687
List the prime factors of 142338545.
5, 28467709
List the prime factors of 624942202.
2, 17, 467, 39359
List the prime factors of 210555673.
210555673
What are the prime factors of 332262470?
2, 5, 33226247
What are the prime factors of 142099574?
2, 71049787
What are the prime factors of 102848815?
5, 839, 24517
What are the prime factors of 256177054?
2, 7, 18298361
List the prime factors of 42373471.
7, 6053353
What are the prime factors of 3032314805?
5, 13, 151, 227, 1361
What are the prime factors of 163941284?
2, 13, 43, 157, 467
List the prime factors of 65672665.
5, 13134533
List the prime factors of 60815588.
2, 23, 43, 15373
What are the prime factors of 98588854?
2, 7, 13, 41669
List the prime factors of 395648301.
3, 83, 1588949
List the prime factors of 5595831885.
3, 5, 7, 79, 674603
What are the prime factors of 673988296?
2, 659, 127843
What are the prime factors of 173412691?
61, 131, 21701
List the prime factors of 42232760.
2, 5, 17, 173, 359
List the prime factors of 59722722.
2, 3, 383, 8663
What are the prime factors of 88923808?
2, 71, 39139
List the prime factors of 1515306383.
113, 13409791
List the prime factors of 1533187942.
2, 11, 13, 17, 127, 191
List the prime factors of 108345355.
5, 21669071
List the prime factors of 75608036.
2, 7, 61, 44267
List the prime factors of 12460.
2, 5, 7, 89
List the prime factors of 2034951524.
2, 41, 12408241
What are the prime factors of 24899644?
2, 7, 11, 11549
List the prime factors of 427179700.
2, 5, 137, 31181
What are the prime factors of 2111992512?
2, 3, 7, 29, 7741
What are the prime factors of 2676448?
2, 83639
What are the prime factors of 398222028?
2, 3, 3687241
What are the prime factors of 2601344709?
3, 17, 17002253
List the prime factors of 721590728.
2, 90198841
List the prime factors of 2288441312.
2, 71513791
What are the prime factors of 270694236?
2, 3, 29, 777857
What are the prime factors of 103596311?
7, 13, 577, 1973
List the prime factors of 52401964.
2, 79, 165829
What are the prime factors of 75438945?
3, 5, 17, 10957
List the prime factors of 32300406.
2, 3, 101, 109, 163
List the prime factors of 1664860210.
2, 5, 13, 12806617
What are the prime factors of 70610524?
2, 17652631
What are the prime factors of 851346429?
3, 2389, 118787
List the prime factors of 57056374.
2, 5119, 5573
List the prime factors of 111804891